{"id":876,"date":"2018-02-14T19:41:40","date_gmt":"2018-02-14T18:41:40","guid":{"rendered":"https:\/\/lunioncycliste31.fr\/?page_id=876"},"modified":"2018-08-02T21:55:22","modified_gmt":"2018-08-02T19:55:22","slug":"calendrier-des-federations","status":"publish","type":"page","link":"https:\/\/www.lunioncycliste31.fr\/index.php\/calendrier-des-federations\/","title":{"rendered":"Calendrier des f\u00e9d\u00e9rations"},"content":{"rendered":"<p>Vous trouverez ci-dessous les liens vers les calendriers des diff\u00e9rentes f\u00e9d\u00e9rations<\/p>\n<p style=\"text-align: center;\"><img loading=\"lazy\" decoding=\"async\" src=\"https:\/\/lunioncycliste31.fr\/wp-content\/uploads\/2017\/09\/logo_fsgt_480-300x195.png\" alt=\"\" width=\"300\" height=\"195\" class=\"aligncenter size-medium wp-image-37\" srcset=\"https:\/\/www.lunioncycliste31.fr\/wp-content\/uploads\/2017\/09\/logo_fsgt_480-300x195.png 300w, https:\/\/www.lunioncycliste31.fr\/wp-content\/uploads\/2017\/09\/logo_fsgt_480.png 480w\" sizes=\"auto, (max-width: 300px) 100vw, 300px\" \/><a href=\"http:\/\/cyclismefsgt31.fr\/route\/calendrier-route\">\u00a0Calendrier FSGT Occitanie<\/a><\/p>\n<p>&nbsp;<\/p>\n<p><img loading=\"lazy\" decoding=\"async\" src=\"https:\/\/lunioncycliste31.fr\/wp-content\/uploads\/2018\/02\/Ufolep-logo.png\" alt=\"\" width=\"296\" height=\"82\" class=\"aligncenter size-full wp-image-878\" \/><\/p>\n<p style=\"text-align: center;\"><a href=\"http:\/\/alvacyclosport.e-monsite.com\/pages\/calendriers-courses-midi-pyrenees-2015\/\">Calendrier Ufolep Occitanie<\/a><\/p>\n<p>&nbsp;<\/p>\n<p><img loading=\"lazy\" decoding=\"async\" src=\"https:\/\/lunioncycliste31.fr\/wp-content\/uploads\/2018\/02\/390px-Logo_FFC.svg_-300x154.png\" alt=\"\" width=\"300\" height=\"154\" class=\"aligncenter size-medium wp-image-877\" srcset=\"https:\/\/www.lunioncycliste31.fr\/wp-content\/uploads\/2018\/02\/390px-Logo_FFC.svg_-300x154.png 300w, https:\/\/www.lunioncycliste31.fr\/wp-content\/uploads\/2018\/02\/390px-Logo_FFC.svg_.png 390w\" sizes=\"auto, (max-width: 300px) 100vw, 300px\" \/><\/p>\n<p style=\"text-align: center;\"><a href=\"https:\/\/www.comiteoccitanieffc.com\/calendrier\">Calendrier FFC Occitanie<\/a><\/p>\n","protected":false},"excerpt":{"rendered":"<p>Vous trouverez ci-dessous les liens vers les calendriers des diff\u00e9rentes f\u00e9d\u00e9rations \u00a0Calendrier FSGT Occitanie &nbsp; Calendrier Ufolep Occitanie &nbsp; Calendrier FFC Occitanie<\/p>\n","protected":false},"author":1,"featured_media":56,"parent":0,"menu_order":0,"comment_status":"closed","ping_status":"closed","template":"","meta":{"footnotes":""},"class_list":["post-876","page","type-page","status-publish","has-post-thumbnail","hentry"],"_links":{"self":[{"href":"https:\/\/www.lunioncycliste31.fr\/index.php\/wp-json\/wp\/v2\/pages\/876","targetHints":{"allow":["GET"]}}],"collection":[{"href":"https:\/\/www.lunioncycliste31.fr\/index.php\/wp-json\/wp\/v2\/pages"}],"about":[{"href":"https:\/\/www.lunioncycliste31.fr\/index.php\/wp-json\/wp\/v2\/types\/page"}],"author":[{"embeddable":true,"href":"https:\/\/www.lunioncycliste31.fr\/index.php\/wp-json\/wp\/v2\/users\/1"}],"replies":[{"embeddable":true,"href":"https:\/\/www.lunioncycliste31.fr\/index.php\/wp-json\/wp\/v2\/comments?post=876"}],"version-history":[{"count":2,"href":"https:\/\/www.lunioncycliste31.fr\/index.php\/wp-json\/wp\/v2\/pages\/876\/revisions"}],"predecessor-version":[{"id":884,"href":"https:\/\/www.lunioncycliste31.fr\/index.php\/wp-json\/wp\/v2\/pages\/876\/revisions\/884"}],"wp:featuredmedia":[{"embeddable":true,"href":"https:\/\/www.lunioncycliste31.fr\/index.php\/wp-json\/wp\/v2\/media\/56"}],"wp:attachment":[{"href":"https:\/\/www.lunioncycliste31.fr\/index.php\/wp-json\/wp\/v2\/media?parent=876"}],"curies":[{"name":"wp","href":"https:\/\/api.w.org\/{rel}","templated":true}]}}